 What is the tens digit of q?
2
Let z(h) = 4*h**2 - h - 1. Let g be z(-2). Let y be 4/(-2)*-2*g. Suppose 0 = 3*m - 3*n - 21, -n = 4*m + 3*n - y. What is the tens digit of m?
1
Suppose -2*i - 3*i = 2*u + 167, i - 2*u + 43 = 0. Let v be i + -2 - (4 + -2). Let q = -12 - v. What is the tens digit of q?
2
Let l(c) = 2*c**2 + 37*c + 2. What is the thousands digit of l(17)?
1
Let h(s) = -s**2 - s + 7. Let y be h(0). Suppose 6*w = -y*w + 1300. What is the units digit of w?
0
Let s(v) = 20*v**2 + 22*v - 1. What is the tens digit of s(-5)?
8
Let f(p) = p**2 - p. Let z be f(0). Suppose 0 = -2*b + 2, -3*g - 4*b + 32 + 26 = z. Suppose s + g = 2*s. What is the tens digit of s?
1
What is the thousands digit of (3/(-2))/(-13 - (-2469435)/189960)?
6
What is the tens digit of 3 + (-300)/84 - 7858/(-7)?
2
Suppose -4*k + 1999 = 3*r, -5*k + 2079 + 1251 = 5*r. What is the tens digit of r?
6
Suppose 2*y + 4*t + 0*t - 192 = 0, 12 = 3*t. What is the tens digit of y?
8
Let l(x) = -x**3 + 8*x**2 - 7*x + 2. Let d be l(7). Suppose -d*p - 3*p = -2*n - 21, -3*n - 18 = -3*p. Let q(k) = 2*k - 2. What is the units digit of q(p)?
4
What is the units digit of 53577/36 + 6/(-24)?
8
Let l(o) = -o + 4. Let i be l(-3). Suppose 13*s - i*s - 396 = 0. What is the units digit of s?
6
Let q = 490 - 246. What is the hundreds digit of q?
2
Let p(z) = -z**3 - 5*z**2 - 4*z + 2. Let u be p(-4). Suppose 5 - 13 = u*o. What is the units digit of 16/12*(-6)/o?
2
Let r = 1479 + 2330. What is the units digit of r?
9
Let z = -1384 - -2544. What is the tens digit of z?
6
Let j(u) = -u**3 + 21*u**2 - 2*u + 42. Let m be j(21). Suppose -b + 3*w + 44 = m, 4*w = b - 0*b - 43. What is the tens digit of b?
4
Let m(g) = -162*g - 359. What is the tens digit of m(-12)?
8
Let s be 24/(-56) - (-73)/7. Let n = s + 0. What is the tens digit of n?
1
Let v be (-6)/14 - 11937/(-21). What is the tens digit of v/48 + (-1)/(-6)?
1
Suppose 4*i - 382 = 150. Suppose 3*v + i = 4*u + 539, 690 = 5*v - 4*u. What is the hundreds digit of v?
1
Suppose 2*z - 2372 = -4*w, 334*z - 332*z = 5*w - 2965. What is the hundreds digit of w?
5
What is the tens digit of 20*(-2 + (-7)/(-2))?
3
Let t(b) be the first derivative of -b**5/60 + b**4/3 - 3*b**3/2 + b**2 + 7. Let c(s) be the second derivative of t(s). What is the units digit of c(6)?
3
Suppose 15*y - 5292 = 8*y. What is the units digit of y?
6
Suppose 22*q = -1360 + 21688. What is the hundreds digit of q?
9
Let f = -12 + 24. Suppose f = 3*c - 3. Suppose -2*w - 28 = -4*w - c*t, -t + 2 = 0. What is the units digit of w?
9
Suppose 4*j = 4*c + 134 + 546, -502 = 3*c + 5*j. Let m = c - -419. What is the tens digit of m?
5
Suppose 5*t = -3*o + 1, -4*o = -3*t - 7*o - 3. Suppose t*n + 855 = 7*n. What is the units digit of n/(-6)*(0 + -2)?
7
Suppose 2 = -3*h - 2*v + 26, 2*h + 3 = 5*v. Let f(l) = 6*l - 14. Let p be f(h). Suppose 2*y = 2*r - p, -r + 17 = -y - 3*y. What is the units digit of r?
9
Let j(g) = -g**3 + 13*g**2 - 9*g - 9. Let h be j(9). Let d = h + -29. Suppose k - 2*y - 2*y = 79, -3*k = 4*y - d. What is the units digit of k?
1
Let v(a) = 8*a**2 + 3*a - 23. Let y be -1*(-3)/2*(-56)/(-21). What is the tens digit of v(y)?
1
Let c(a) = -a**2 + 7*a - 7. Let n be c(4). Suppose n*o = 30 + 935. What is the tens digit of o?
9
Let j be (-21)/9*-3 + -2. Suppose j*k - 5 = -45. What is the tens digit of 3 + k/(-4 + 3)?
1
What is the tens digit of ((-20)/12)/(8/(-2856))?
9
Suppose -5*g + 0*p + 11 = -p, -5*g - 4*p + 31 = 0. What is the units digit of -3 - ((g - 54) + 8/(-2))?
2
Suppose 3*c - 14135 = 5*j, -5*c + 2*j = j - 23573. What is the tens digit of c?
1
Suppose -41 = -3*h - r + 2, -4*h + 4*r = -84. Let m = 39 - h. What is the tens digit of m?
2
Suppose 5*j = 9 + 16. Suppose 25 = s + 2*w - 34, -j*w + 68 = s. What is the units digit of s?
3
Let i(o) = -o**2 - 6*o + 3. Let g be i(-6). Suppose -g*u + 117 = -45. Suppose 6 = 3*l - u. What is the units digit of l?
0
Suppose 5*l - 15 = z, z + 11 + 0 = l. What is the tens digit of z/65 + 966/26?
3
Let h be (-24)/9*3/2. Let w = -1 - h. Suppose -7*t = -3*t + 3*m - 150, 100 = w*t - 4*m. What is the tens digit of t?
3
Let i = 2637 + -1722. What is the units digit of i?
5
Let t(i) = -60*i + 1. Suppose 0*v - 6 = -2*j - 2*v, -4*v = -5*j - 21. What is the units digit of t(j)?
1
Let o(p) = 1651*p - 149. What is the hundreds digit of o(3)?
8
Suppose y - 6*y + 5*i = 60, -i = 0. Let j be (18 - 0) + -2 + 2. Let r = y + j. What is the units digit of r?
6
Suppose 20*t = 42*t - 41030. What is the tens digit of t?
6
Suppose -a + 682 = 2*x, -3*x = -36 + 45. What is the hundreds digit of a?
6
Let k(z) = -14*z - 59. Let q(v) = -5*v - 20. Let u(a) = -4*k(a) + 11*q(a). Let w be u(-6). Let h = w + 21. What is the units digit of h?
1
Let h = 19 + -30. Suppose 0 = -5*u + 16 - 1. What is the tens digit of 1 + (1 - h) - u?
1
Suppose u + 20 = 3*u. Suppose -q = 4*q - u. Suppose 0 = -h - s + 12, 7*h + q*s = 4*h + 34. What is the units digit of h?
0
Suppose 3*v - 2*v = 1230. What is the units digit of v?
0
Suppose d - 6 = -47. Let k = -9 - d. What is the units digit of 2/16 + 220/k?
7
What is the hundreds digit of 18447/11 + 6 + 3?
6
Let d = -10 + 13. Suppose 4*v + 10 = -5*w, 5*v - d*w - 8 = w. Suppose 23 = h - v. What is the tens digit of h?
2
Suppose -16*d = 5*d - 14658. What is the tens digit of d?
9
Suppose 3*m + 0*m - 313 = -2*i, 3*m - 328 = -5*i. What is the tens digit of m?
0
Let z = -833 + 2991. What is the hundreds digit of z?
1
Suppose k = -3*d - 5, -4*k + 6*k + 4 = -4*d. Suppose 12 = 3*h, -5*j - k*h + 1314 + 227 = 0. What is the units digit of j?
5
Suppose 3*g - 3*x - 24 = -3, -2*g + 4*x = -18. Let w be 122/g - (-4)/(-10). Suppose -5*o + w = 4. What is the units digit of o?
4
Let v(c) = -6*c**3 + c**2 - 7*c - 14. What is the tens digit of v(-4)?
1
What is the tens digit of 170 - (2 + (10 - 9))?
6
Let r(x) = -x**3 + 9*x**2 - 18*x. Let q be r(6). Suppose 9*n - 4*n = -5*z + 620, -n + 4*z + 149 = q. What is the hundreds digit of n?
1
Suppose -4*i + 6*i = -5*c + 43, 3*i + c - 45 = 0. Suppose -2*v - i = -4*v. Suppose 0 = k - v - 7. What is the units digit of k?
4
Suppose 0 = 11*s - 3*s - 344. Suppose 84 = s*j - 42*j. What is the units digit of j?
4
Let f = 196 + -136. Let q = f - 15. Let d = 79 - q. What is the units digit of d?
4
Let p(h) = h**2 - 11*h - 17. Suppose -980 = 4*s + 4*a, s + 33 + 212 = -2*a. Let k be (-8)/10*s/14. What is the tens digit of p(k)?
2
Let a(k) = -k**3 - 8*k**2 + 7*k + 3. Let g be 3 - (199 + -1)/(-3). Suppose -5*p + 24 = g. What is the tens digit of a(p)?
2
Let d(s) = 2*s**3 + 64*s**2 - 20*s + 81. What is the tens digit of d(-32)?
2
Let g = 471 + -203. What is the units digit of g?
8
Let m = 860 - -1498. What is the thousands digit of m?
2
Suppose 0 = 7*v - 2*v + 25. Let u be ((-176)/(-10) + 2)*v. Let c = -63 - u. What is the tens digit of c?
3
Suppose 0 = 7*m - 11*m + 204. Suppose m = 5*d - 24. What is the units digit of d?
5
Let o be (18/(-16)*2)/(30/(-160)). Suppose -7*b + o*b = 370. What is the tens digit of b?
7
Let g = 71 - 131. Let u = -36 - g. Suppose -14*n + u = -11*n. What is the units digit of n?
8
Let l = -6421 + 9014. What is the hundreds digit of l?
5
Let s = 1599 - 417. What is the thousands digit of s?
1
Let m be 1*(-1 + -3)*-1. Suppose -7 = z - 3*r, -3*z + 5*r + 4 = 9. Suppose b = m*c + 7 + 3, -2*b + z*c = -23. What is the units digit of b?
4
Let p = -77 + 24. What is the hundreds digit of (-28)/21*p*(-3)/(-2)?
1
Suppose 5*q = 2*q + 306. Let n = q + -37. What is the units digit of n?
5
What is the tens digit of (-13)/((-39)/1134) + -5?
7
Let n be (-9)/6 - (-29)/(-2). Let l be (-156)/n + 1/4. Let j(a) = -a**2 + 12*a - 4. What is the tens digit of j(l)?
1
Let g = 32 + -30. What is the units digit of (-8)/((-5)/40*g)?
2
Suppose -13930 - 13487 = -13*p. What is the hundreds digit of p?
1
Let r be (-146)/(-6) - (-16)/(-48). What is the hundreds digit of 2*(-1)/16 - (-4131)/r?
1
Let i be -7 - (1 + 0/(-3)). Let r = i + 6. What is the units digit of 5 - ((r - -1) + 2)?
4
Suppose -4*x = 2*o, -3*o = -6*o. Let g(n) = -n + 75. What is the tens digit of g(x)?
7
Let m(a) = 8*a - 3. Suppose -3*d + 22 = -2*w, -4*w = -2*d - 3*d + 36. What is the units digit of m(d)?
1
Suppose 2*m - 54 = -m. Let q(l) = -l**2 + 18*l + 9. Let v be q(m). Let j = 14 + 